**3 - 59*v**2 - 511*v + 189. Give l(-11).
2
Let b(c) = 3*c + 629. Calculate b(-62).
443
Let z(h) = -h**2 + 649*h + 3910. Give z(-6).
-20
Let f(j) = j**3 + 26*j**2 - 61*j - 630. Calculate f(-27).
288
Let i(w) = -2*w**3 + 14*w**2 + 38*w + 8. What is i(9)?
26
Let n(j) = -j**2 - 14*j + 526. Calculate n(-31).
-1
Let m(o) = 2361*o - 21212. Determine m(9).
37
Let d(h) = 166*h**2 - 8*h - 7. Give d(-1).
167
Let m(y) = -y**2 + 453*y + 13466. What is m(-28)?
-2
Let z(v) = v**3 + 95*v**2 - 2302*v - 223. Determine z(-115).
7
Let x(m) = -m**2 + 26*m + 91. Determine x(-3).
4
Let d(i) = -i**3 - 29*i**2 - 188*i - 139. Calculate d(-8).
21
Let v(p) = -2*p**2 + 11*p + 70. What is v(-12)?
-350
Let s(b) = -3*b**3 + 112*b**2 - 37*b - 18. What is s(37)?
-18
Let y(t) = 3*t**2 - 904*t + 30701. Calculate y(39).
8
Let w(s) = -s**3 - 4*s**2 - 489*s - 3008. What is w(-6)?
-2
Let g(o) = o**3 + o**2 - 100*o + 104. Give g(-11).
-6
Let n(o) = -34*o + 1044. Determine n(22).
296
Let d(h) = h**3 + 20*h**2 - 260*h - 1918. Calculate d(-27).
-1
Let l(v) = -134*v - 1105. Calculate l(-8).
-33
Let m(q) = 4*q**2 - 165*q - 485. Calculate m(-3).
46
Let q(w) = 8*w**2 - 133*w - 129. What is q(-1)?
12
Let v(a) = 122*a + 152. What is v(4)?
640
Let m(s) = 2*s**3 - 144*s**2 - 7*s + 496. Determine m(72).
-8
Let c(v) = -v**3 + 61*v**2 - 202*v - 1576. What is c(57)?
-94
Let z(v) = v**3 - 57*v**2 + 205*v + 190. Determine z(53).
-181
Let j(d) = 3*d**3 - 180*d**2 + 2400*d + 6. Determine j(20).
6
Let t(b) = 2*b**3 + 63*b**2 + 288*b + 61. What is t(-26)?
9
Let g(a) = -467*a + 19130. Calculate g(41).
-17
Let l(g) = g**3 + 17*g**2 + 29*g + 1317. Determine l(-19).
44
Let u(c) = -c**3 - 24*c**2 - 104*c + 30. What is u(-6)?
6
Let m(r) = 75*r - 977. Give m(13).
-2
Let w(z) = 5*z**2 - 7*z - 9. What is w(-2)?
25
Let a(c) = 41*c - 370. Determine a(12).
122
Let w(j) = 231*j + 9931. What is w(-43)?
-2
Let g(n) = 596*n - 3560. Determine g(6).
16
Let v(l) = 5*l**2 + 26*l + 74. What is v(-4)?
50
Let d(b) = -21*b + 1314. What is d(63)?
-9
Let q(l) = -38*l - 4837. Calculate q(-127).
-11
Let f(p) = -6*p**2 + 7. Determine f(3).
-47
Let i(g) = -2*g**3 + 286*g**2 - 283*g + 123. Give i(142).
265
Let r(t) = 10*t**2 - 23*t - 3270. Calculate r(-17).
11
Let x(q) = 6*q + 28. Determine x(-1).
22
Let o(p) = p**2 - 34*p + 115. Determine o(21).
-158
Let i(u) = 3*u**3 - 55*u**2 + 211*u - 3470. Calculate i(18).
4
Let b(k) = -k**3 - 3*k**2 + 18*k - 2. Calculate b(-7).
68
Let w(b) = -2*b**2 + 47*b - 116. Determine w(21).
-11
Let f(j) = -j**3 - 26*j**2 - 116*j - 108. Give f(-4).
4
Let u(z) = 2*z**2 - 40*z - 64. Calculate u(24).
128
Let k(t) = 36*t**2 + 716*t - 842. What is k(-21)?
-2
Let t(a) = 1496*a + 8980. Calculate t(-6).
4
Let n(g) = 2*g**3 + 20*g**2 + 19*g - 6. What is n(-9)?
-15
Let h(c) = -2*c**3 - 57*c**2 + 28*c - 30. What is h(-29)?
-1
Let d(i) = -i**2 + 3*i + 13. Give d(10).
-57
Let w(f) = -167*f - 1667. Give w(-10).
3
Let c(t) = 3*t**2 + 4*t + 51. Give c(0).
51
Let r(b) = 89*b + 364. What is r(-4)?
8
Let f(u) = 191*u + 605. Determine f(-4).
-159
Let q(b) = b**2 + 536*b + 6301. Determine q(-12).
13
Let u(r) = 12*r**3 + 28*r**2 - 50*r + 17. What is u(1)?
7
Let g(t) = 164*t**3 + 1. Calculate g(-1).
-163
Let c(z) = -z**3 - 50*z**2 - 104*z + 1714. Give c(-47).
-25
Let t(h) = -88*h**3 + 7*h**2 - 2*h - 3. Determine t(1).
-86
Let j(a) = -10*a**3 - 50*a**2 - 47*a - 219. What is j(-5)?
16
Let w(l) = 3*l**2 - 740*l - 3015. Determine w(-4).
-7
Let k(g) = 8*g**3 + g**2 - 14*g - 27. Calculate k(-3).
-192
Let v(h) = -53*h - 2605. Give v(-51).
98
Let o(r) = 84*r + 904. Calculate o(-14).
-272
Let v(l) = 40*l + 578. Determine v(-14).
18
Let j(u) = u + 91. What is j(-67)?
24
Let n(d) = d**3 + 19*d**2 + 12*d + 186. Calculate n(-19).
-42
Let n(y) = -y**3 - 18*y**2 + 60*y - 29. Determine n(-20).
-429
Let k(p) = -26*p**2 + 2679*p - 96. Determine k(103).
7
Let p(r) = 12246*r - 97965. Determine p(8).
3
Let a(p) = p**2 - 29*p + 107. Determine a(10).
-83
Let y(r) = r - 53. Determine y(45).
-8
Let k(c) = 8*c**2 + 25*c - 3. What is k(-9)?
420
Let m(r) = 5713*r - 11431. Give m(2).
-5
Let b(n) = -134*n**3 + n**2 + 3*n + 1. What is b(-1)?
133
Let t(x) = -x**2 - 32*x - 30. What is t(-31)?
1
Let u(d) = -3*d**3 - 25*d**2 + 39*d + 8. Determine u(-10).
118
Let q(w) = -w**2 - 8803*w - 61581. Calculate q(-7).
-9
Let b(k) = -k**2 + 60*k - 991. Give b(31).
-92
Let o(a) = 1005*a - 19102. What is o(19)?
-7
Let q(z) = 822*z + 21334. Calculate q(-26).
-38
Let j(v) = 3*v**2 + 46*v + 1. Calculate j(-11).
-142
Let z(m) = -36*m**2 + 1552*m - 97. Calculate z(43).
75
Let i(t) = 13*t + 21. Give i(6).
99
Let m(l) = -17*l**2 + 688*l + 348. Give m(41).
-21
Let n(r) = r**2 - 27*r - 73. Determine n(27).
-73
Let t(x) = x**3 + 13*x**2 + 27*x + 46. Determine t(-11).
-9
Let n(z) = -z**3 + 5*z**2 + 5*z - 38. Give n(4).
-2
Let g(m) = m**3 + 8*m**2 - 22*m + 2. Give g(0).
2
Let k(l) = -159*l + 1268. What is k(8)?
-4
Let l(n) = 3684*n - 202617. Give l(55).
3
Let y(o) = -2*o**2 - 46*o - 11. Determine y(11).
-759
Let h(s) = -s**2 + 57*s - 525. Give h(44).
47
Let h(c) = -13*c**2 + 147*c - 3. What is h(4)?
377
Let z(v) = 331*v - 663. What is z(2)?
-1
Let p(l) = 9*l - 335. Give p(47).
88
Let v(p) = 60*p**3 - 3*p**2 - 21*p - 33. Calculate v(-2).
-483
Let v(b) = -3*b**2 + 83*b + 963. Calculate v(-11).
-313
Let v(q) = -2184*q - 13100. What is v(-6)?
4
Let k(c) = -4*c**2 + 130*c - 225. Calculate k(30).
75
Let l(w) = 140*w - 2258. What is l(15)?
-158
Let u(p) = -18497*p + 92491. Give u(5).
6
Let k(l) = l**2 + 444*l - 78. Calculate k(0).
-78
Let l(u) = -17*u**2 - 93*u + 90. Give l(-6).
36
Let g(w) = -w**3 + 104*w**2 - 1860*w - 257. Calculate g(81).
-14
Let b(a) = 98*a - 12547. Determine b(128).
-3
Let t(n) = -34*n**2 - 127*n + 255. Calculate t(2).
-135
Let h(l) = 3*l**2 - 10*l + 29. Determine h(3).
26
Let u(y) = 3*y**2 + 16*y + 135. Calculate u(7).
394
Let o(c) = c**2 - 55*c + 366. Calculate o(10).
-84
Let b(i) = 3*i**2 + 49*i - 346. Give b(7).
144
Let n(i) = i**3 + 51*i**2 + 53*i + 2. Give n(-1).
-1
Let o(m) = -4*m**2 - 122*m + 8382. Determine o(33).
0
Let v(q) = -q**3 + 12*q**2 - 21*q + 441. What is v(13)?
-1
Let x(a) = -a**2 - 110*a + 44980. Determine x(-274).
44
Let b(u) = 2*u**2 + u - 88. Give b(-6).
-22
Let x(q) = 12*q**2 - 38*q + 200. What is x(7)?
522
Let x(q) = 26*q + 390. Calculate x(-15).
0
Let c(g) = g**2 + 69*g + 90. What is c(0)?
90
Let q(h) = 72*h - 1605. Give q(25).
195
Let t(h) = h**2 - 189*h + 145. What is t(0)?
145
Let d(j) = -j**2 + 4*j - 9. What is d(1)?
-6
Let q(r) = -r**3 - 56*r**2 - 57*r - 176. What is q(-55)?
-66
Let s(c) = 8*c**3 + 97*c**2 + 23*c + 131. Give s(-12).
-1
Let y(z) = 32*z**3 - 6*z**2 - 25*z + 64. Give y(2).
246
Let n(c) = 5*c**3 - 3*c**2 + 17*c + 17. What is n(4)?
357
Let v(x) = 42*x + 392. What is v(-4)?
224
Let w(h) = 3*h**3 + 274*h**2 + 110*h + 1744. Determine w(-91).
15
Let b(m) = m**3 - m**2 - 276*m - 8. Give b(0).
-8
Let t(x) = x**3 - 22*x**2 + 66*x - 14. Calculate t(7).
-287
Let c(x) = 2*x**2 - 9*x - 588. Determine c(-22).
578
Let u(d) = -d**3 - 67*d**2 - 144*d - 5146. Determine u(-66).
2
Let i(o) = -2*o**3 - 29*o**2 + 20*o + 103. Calculate i(-15).
28
Let z(w) = 18*w + 486. Calculate z(-26).
18
Let t(d) = 7*d**3 - 4*d**2 - 8*d - 9. Calculate t(-3).
-210
Let c(t) = -t**2 - 1045*t - 5203. Determine c(-5).
-3
Let u(y) = -11*y + 138. Calculate u(11).
17
Let b(z) = -3*z**2 + 347*z - 348. What is b(1)?
-4
Let d(u) = u**3 - 50*u**2 + 109*u - 619. What is d(48)?
5
Let l(v) = -2199*v - 15372. Give l(-7).
21
Let h(j) = 29*j + 8. Calculate h(-1).
-21
Let i(o) = -3*o**3 - 27*o**2 + 5*o + 50. Calculate i(-9).
5
Let z(s) = 3533*s + 3427. What is z(-1)?
-106
Let i(j) = -j**2 + 311*j - 23117. What is i(188)?
7
Let s(l) = 450*l - 3754. Give s(9).
296
Let a(o) = 17*o + 181. Give a(-10).
11
Let t(r) = -2*r**3 - 29*r**2 - 25*r - 62. Give t(-14).
92
Let x(j) = 5*j + 191. What is x(-23)?
76
Let d(k) = -3*k**3 + 10*k**2 + 84*k - 45. Give d(7).
4
Let b(u) = -136*u + 926. Calculate b(7).
-26
Let o(q) = 26*q - 135. What is o(4)?
-31
Let l(o) = o**2 + 7*o - 24. What is l(-9)?
-6
Let w(v) = 121*v - 23. Calculate w(1).
98
Let t(i) = -14*i - 11. Calculate t(0).
-11
Let b(p) = 27*p**2 - 14*p - 43. Determine b(-2).
93
Let n(r) = 36*r - 257. Calculate n(7).
-5
Let i(l) = -802*l + 25